
What is -17 - 10 - (-3 + -18)?
-6
Calculate (-85 - -49) + -42 + 57.
-21
What is 63 + -32 + -2 + (-72 - -46)?
3
2 - (-9 + 2 + -17 + -87 + (3 - -6))
104
Evaluate 1 + (1 - 7) + (-40 - -49) + (86 - 2).
88
Calculate -45 - (-108 + 27 - -41) - (8 + -2 + 0).
-11
Calculate 6 + -2 + (-68 - -16) + 41.
-7
What is the value of -114 + 4 - (-197 - -173 - (-13 + -2))?
-101
What is the value of (-9 - -1) + (-25 - 1) + 25 + -39 + 15?
-33
Calculate (-55 - -51 - -27) + -9 + 43 + 8.
65
What is the value of (-23 - (-20 - -5)) + 2 + -36 + 3?
-39
-54 + 94 + -39 + -96 - (4 + 1 - 0)
-100
Calculate -5 + -10 + 19 + 11 + -36 + 0.
-21
Evaluate 18 + -73 + (31 - 8 - -1).
-31
Evaluate 3 + -1 + -5 + -25786 + 25904.
115
Calculate (65 - -8 - (7 - 1)) + (-23 - -9 - -11).
64
What is -78 + (53 - 23) + 21?
-27
Calculate (17 + 3 - 2) + (-8 - (17 + -2) - -30).
25
What is the value of 20 + 2 + -24 + 34 - (4 - 1)?
29
Calculate 12 + (-9 + 39 + -24 - (16 - -5)) + 30.
27
Calculate 95 + (70 - 182) + 111.
94
What is the value of (55 - 1) + (-242 - -139)?
-49
What is 42 + 5 + -5 + 16 + -32?
26
(-28 - 0) + (-36 + 5 - (-105 - -78))
-32
56 - (95 - 148) - (-9 - (1 - -1))
120
What is the value of -8 + (39 + -10 + -6 - 16 - (4 + -67))?
62
Calculate -9 - (25 + (-28 - 4) + 9 + (-10 - 2)).
1
-29 + 50 + -14 - 47
-40
Evaluate -4 + (110 - 180) + 138.
64
Calculate 36 + (49 + -10 - 49).
26
Calculate 8 - (-2 + 2) - (-33 + -21 + (-48 - -48)).
62
What is (48 - -1) + ((-21 - -6) + (17 - -8) - 0)?
59
Evaluate (-4 + 6 - -3) + 5 - (78 + -38 - 31).
1
-79 + -59 + 126 - 99
-111
-45 + -3 + (-295 - -280)
-63
What is the value of (-196 - -131) + 2 + 76?
13
What is the value of (-74 - (-3 + -1 + (30 + 28 - 51))) + -6?
-83
4 - (-32 + -28 - (-1 - 33))
30
Calculate -6 + (24 - 8 - 4) - 55 - (13 + -23).
-39
-6 + 4 - -9 - (-578 - -487)
98
83 - 118 - ((-4 + 4 - 2) + -3)
-30
Evaluate 1 + -7 - (330 + -307).
-29
Calculate -27 - (-39 + 20 + -16 - -119).
-111
Calculate (29 - 16) + (-14 - (-11 - -10)).
0
Calculate 41 + (-73 - (-53 + 33)).
-12
Calculate 10 - (45 - 25) - (-6 - 0) - (32 + 0).
-36
Calculate -2 + 3 + 25 - (-1548 + 1590).
-16
What is (-2 - 11) + (-3 - -13) + -18?
-21
What is the value of -19 - 15 - (-126 + 50)?
42
Evaluate -75 - ((-29 - -151) + -90).
-107
3 + 69 + -10 + (47 - 57) + 15 + -2
65
Evaluate -1 + 124 - ((-39 - (10 + -21)) + 29 + 1).
121
What is the value of 36 + 103 - 65 - 40?
34
What is the value of -623 + 616 + (20 - (4 - (6 + 0)))?
15
What is -32 + 68 + 52 - 25?
63
-2 + (-6 - -6) + 43 - (-77 - -81)
37
(0 - -34) + -1500 + 1483
17
What is the value of 29 + (-24 + 53 - 28)?
30
What is the value of 0 + 20 + (-8 - (26 - 16)) + 0 + 8?
10
Evaluate -2 + 1 + 20 + -69 + 42 + 13.
5
What is 0 - -9 - ((23 + 0 - 7) + -12)?
5
24 + -21 + ((47 - 24) + -21 - (-8 + 1))
12
Calculate -7 - (22 + -32 - (-5 - -18)) - 48.
-32
What is 264 - (122 - (-55 - -46))?
133
What is the value of 13 + (34 + -53 + 14 - (0 - -2) - 1)?
5
-166 + 135 + -35 + 10 + 7
-49
Calculate -26 + 16 + (9 - (8 + -7)) + 25.
23
What is the value of 24 + 57 + -42 + -7?
32
What is the value of 8 - (2 + (6 - -2) + (-37 - -53 - 7))?
-11
Calculate -6 - (-7 + 36 - 47 - -95).
-83
What is the value of -10 - (-82 + (12 + -6 - 1) - -14 - -1)?
52
Calculate -28 + (5 - -3 - (10 + -4)) + 23 + -25.
-28
What is the value of -74 + (1085 - 1036 - (69 + 0))?
-94
What is the value of -10 - -62 - (1798 + -1880)?
134
What is 2042 + -2067 + 1 + 1 + 90?
67
What is the value of 9 + (-59 - -48 - (10 + 2 + -5))?
-9
315 - 387 - (-3 + 8 - (-4 + 2 - -4))
-75
Evaluate (7 - -27) + (-18 - -143) + -81.
78
What is -1 + -45 - ((40 - 45) + (1 - (-1 - 12)))?
-55
What is the value of -23 - (-54 + 23 - -31)?
-23
(36 - -1) + 304 + -305
36
Calculate 7 - 98 - -41 - (-14 + (1 - -3)).
-40
Calculate 24 + (3 - 27) + 5 + -33.
-28
What is 372 + -334 + -142 + 25?
-79
(-83 + 1 - (784 - 784)) + 10
-72
What is the value of 23 - (-57 + 33) - 67?
-20
What is 8 - (2 - -2) - (-19 - (19 - 34 - 74))?
-66
Calculate 13 - (19 - (1 - (-13 + 1)) - (-16 - 1)).
-10
2 - 11 - (3 + 41)
-53
11 - (64 - (16 + (-37 - -15) + 10))
-49
Calculate 4 - (4 - (6 - 2 - (-84 - -75))).
13
What is 0 - -22 - (-3 - -5 - ((58 - -2) + -69))?
11
Evaluate 649 + -755 + 82 + 1.
-23
What is 21 - ((0 - (12 + -16)) + 20)?
-3
What is 6 - (-29 - (-14 - (-11 + (5 - -6))))?
21
What is 153 + -16 + -308 + 74?
-97
What is the value of (35 - 73) + (62 - -23)?
47
Evaluate -1733 + 1755 - (0 - (-3 - 69)).
-50
-22 + 39 + -23 + (-9 - -13) - (1 + 2)
-5
What is 62 - (-28 - (56 - 100))?
46
What is -68 + (-44 - -24) + 47?
-41
Calculate -10 + -14 + 33 + -46.
-37
Calculate 0 + 10 + -23 + (-17 - -49) - 6.
13
What is 34 + -3 + -116 + 2 - -40?
-43
Calculate 232 - (-140 - -95 - -146).
131
Calculate (2 - (7 + -10 + -5)) + -104 + 69.
-25
What is the value of 0 + 3 - 52 - (25 + (-28 - -8) - -4)?
-58
-33 - (18 + -44 + 30 + 5)
-42
787 - 765 - ((-4 - -69) + 2)
-45
Evaluate -8 + 0 + (-2 + 18 - (13 - -4)).
-9
(-12 - (-24 - -7)) + (-5 - (6 - 6 - -39))
-39
-8 - (-16 - 3) - (502 + -523)
32
Calculate 0 - -14 - (0 - (115 - -12 - 25) - -9).
107
What is -9 + (-8 - ((4 - 19) + (33 - 40))) + -143?
-138
Calculate 0 + (3 - 5 - 0) - (6 + (-106 - -72)).
26
What is -37 + 38 + 6 + 0 + (-42 - -52)?
17
(-31 + 2 - (39 + -47)) + -15
-36
Evaluate (-109 - -117) + (-30 - (-13 - -14)).
-23
What is the value of (-13 - (-22 - (34 + -28))) + 19?
34
Evaluate 1 + -2 - (-16 - -12) - -82 - (10 + -1).
76
147 - (122 - 78) - 155
-52
Evaluate 23 + 12 + 29 + -45 + 8.
27
14 + -4 + (-6 - -64 - -6)
74
What is the value of 53 + (-132 - (81 - 151))?
-9
What is the value of 28 - (2 + -7 + (7 - -15)) - (-1 - -64)?
-52
Calculate -59 - -59 - (5 + -3 - 85) - (-2 + 11).
74
What is the value of -2 + -10 - (-19 + -9 + 10)?
6
What is the value of 53 + -8 + (15 - 45)?
15
Calculate 6 + (-16 - -8) + 2 + -33 - (-6 - 0).
-27
Calculate -139 - (-5 + -156) - 6.
16
Calculate -24 - (-5 + -42 + 54 - -12).
-43
What is -89 - (40 + -16) - -64?
-49
Calculate 60 + 52 + -86 - (85 + -1).
-58
What is the value of (-15 - -22) + (4 - (17 + 16))?
-22
What is (-3 + 1 - 3) + -811 + 820?
4
Calculate 30 - (-161 - (-64 - -2)).
129
What is -37 + (40 - (7 - -14))?
-18
Evaluate (2 - 13) + 2 + -114 + (-35 + -9 - -55).
-112
Evaluate -13 + (4 - -13 - 14 - (-22 + -2)).
14
Evaluate 1 + (-4 - 50) - (60 + -73) - -8.
-32
(-46 - -29 - 3) + 71
51
40 + (14 - ((-76 - -71 - (3 + 0)) + 36))
26
Evaluate 64 + (-14 + 25 - 43).
32
What is 1494 - 1576 - (0 + -61)?
-21
What is -103 + (41 - (45 - 121))?
14
Calculate 254 - (91 + 87 + -54).
130
What is the value of (5 - (-2 + (-10 - -2) + 15 + -13)) + 56?
69
Evaluate 27 + (-17 - -4) + 2 + -62 + 64.
18
Evaluate 34 + -13 - (-13 - (10 + -12)).
32
-7 + (-12 - -37) - 28 - (-8 - (0 - 0))
-2
Evaluate -6 - (-106 + 19 + 43).
38
Evaluate (37 + -76 + 1 - -19) + 132 + -2.
111
Evaluate -28 - (-79 - -25) - -41.
67
Calculate 135 + -180 + (-1 - -63) + 0 + -127.
-110
Calculate (5 - -8) + -19 + -12 + -6.
-24
Calculate -8 - -75 - (469 + -393).
-9
What is (32 + 9 - 15) + -7 + 1 - (-2 - -3)?
19
What is -121 - (-86 + (-7 - -33))?
-61
Evaluate 118 - (-11 - (24 - 120)).
33
What is the value of -46 + -36 + 111 - 34?
-5
What is 35 + 28 + -48 + -4?
11
(-11 + 1 - (622 - 628)) + 51
47
Calculate -13 + 2 + (54 + 0 - (-137 + 127)).
53
What is 1 + 40 + (84 - (109 - 14))?
30
What is 230 - (84 + 25) - 167?
-46
What is (-21 - 0) + -1 - (-43 - -56)?
-35
Evaluate -7 + 5 - -7 - (27 - 23) - 15.
-14
28 + (71 - 103 - -53)
49
What is the value of -6 + -3 + 1 + -243 + 286?
35
0 + 3 - (1 + -1) - (-1005 - -1046)
-38
Evaluate ((16 - 11) + -5 - -10) + (-7 + 29 - 161).
-129
What is the value of (10 - 38) + -27 + 8 - (-8 - -5)?
-44
What is the value of (1 - (-1 - -95)) + (97 + -66 - (43 - 12))?
-93
What is the value of (0 - -14) + (-24 - (-31 + 58 + -23))?
-14
Evaluate -12 + (-2 - (7 + (-15 - 12) + 10)).
-4
Calculate (-1 - (13 - (25 + -11))) + 48 + -7.
41
Evaluate (173 - 78) + -97 + (-6 - -3) + 47.
42
What is the value of -70 - (67 + -94) - -32?
-11
What is the value of 175 + (-120 - -28) + -177?
-94
(-28 - (-50 + 18)) + -34
-30
What is 7 + (-9 + -7 + -11 - 35)?
-55
Evaluate (28 + 21 - (-1 - (1 + 1 - 14))) + -6.
32
(1 - 7) + 38 - 12 - 10 - (22 + -5)
-7
What is 68 - 48 - (17 + -8 + -119)?
130
What is the value of (2 - -16) + -25 + (-10 - -8) + (6 - -10)?
7
Calculate 1 + (-5 - (2 - 7)